hest common factor of 3080 and 525.
35
What is the greatest common factor of 48 and 64?
16
What is the greatest common divisor of 100 and 1420?
20
What is the greatest common factor of 20 and 245?
5
What is the greatest common factor of 19950 and 38?
38
What is the highest common factor of 9 and 531?
9
What is the greatest common factor of 793 and 39?
13
Calculate the greatest common factor of 145 and 580.
145
What is the greatest common factor of 268 and 52?
4
What is the greatest common divisor of 152 and 95?
19
Calculate the highest common factor of 124 and 76.
4
Calculate the highest common divisor of 4137 and 21.
21
What is the greatest common divisor of 209 and 57?
19
What is the highest common divisor of 736 and 46?
46
What is the highest common factor of 38 and 10013?
19
What is the greatest common factor of 340 and 3944?
68
What is the highest common divisor of 4 and 31?
1
What is the greatest common divisor of 230 and 160?
10
What is the highest common divisor of 1881 and 3366?
99
Calculate the greatest common divisor of 2665 and 195.
65
Calculate the greatest common divisor of 87 and 203.
29
What is the highest common divisor of 15 and 3?
3
What is the highest common divisor of 605 and 15?
5
What is the greatest common factor of 330 and 210?
30
Calculate the highest common factor of 15112 and 40.
8
What is the greatest common divisor of 63 and 2191?
7
What is the greatest common divisor of 4 and 28004?
4
Calculate the highest common divisor of 15337 and 49.
49
What is the greatest common factor of 276 and 12?
12
Calculate the highest common factor of 38 and 190.
38
Calculate the greatest common factor of 21 and 154.
7
What is the greatest common factor of 9464 and 84?
28
Calculate the greatest common factor of 18494 and 42.
14
What is the greatest common factor of 3 and 141?
3
Calculate the greatest common divisor of 490 and 42.
14
What is the greatest common divisor of 896 and 64?
64
Calculate the greatest common factor of 22 and 6.
2
What is the greatest common factor of 8896 and 278?
278
Calculate the highest common factor of 236 and 52746.
118
Calculate the highest common factor of 24 and 32.
8
Calculate the highest common divisor of 6 and 2598.
6
What is the greatest common divisor of 319 and 33?
11
What is the highest common factor of 54795 and 195?
195
What is the greatest common divisor of 21 and 91?
7
Calculate the greatest common factor of 1232 and 272.
16
Calculate the greatest common factor of 80956 and 148.
148
What is the highest common factor of 188 and 141?
47
Calculate the greatest common divisor of 504 and 936.
72
Calculate the highest common divisor of 35 and 1715.
35
What is the greatest common factor of 288 and 208?
16
Calculate the greatest common factor of 20432 and 16.
16
Calculate the greatest common divisor of 182 and 1534.
26
Calculate the greatest common factor of 4 and 306.
2
Calculate the highest common factor of 217 and 31.
31
Calculate the greatest common factor of 147 and 6.
3
Calculate the greatest common divisor of 1632 and 12.
12
Calculate the highest common factor of 247 and 209.
19
What is the greatest common divisor of 12 and 87?
3
Calculate the greatest common divisor of 775 and 75.
25
What is the greatest common divisor of 2244 and 99?
33
Calculate the greatest common factor of 32 and 368.
16
What is the greatest common factor of 265 and 848?
53
What is the greatest common factor of 31 and 7812?
31
Calculate the greatest common factor of 1920 and 120.
120
Calculate the greatest common factor of 1062 and 72.
18
Calculate the greatest common factor of 3 and 190.
1
What is the highest common divisor of 32 and 2096?
16
Calculate the greatest common factor of 124 and 8.
4
Calculate the greatest common factor of 123 and 41.
41
Calculate the highest common divisor of 5178 and 6.
6
Calculate the highest common factor of 66 and 10406.
22
Calculate the greatest common factor of 96 and 512.
32
Calculate the greatest common divisor of 46 and 506.
46
What is the highest common factor of 143 and 10725?
143
What is the highest common divisor of 4161 and 219?
219
Calculate the highest common factor of 90 and 558.
18
Calculate the greatest common factor of 363 and 33.
33
What is the greatest common factor of 3428 and 4?
4
What is the greatest common divisor of 100 and 1900?
100
Calculate the greatest common divisor of 4446 and 2717.
247
What is the greatest common divisor of 6060 and 40?
20
Calculate the highest common divisor of 34 and 442.
34
What is the highest common divisor of 2 and 1197?
1
Calculate the greatest common factor of 500 and 75.
25
What is the greatest common divisor of 4094 and 3382?
178
Calculate the highest common divisor of 475 and 100.
25
Calculate the greatest common factor of 186 and 1364.
62
What is the greatest common divisor of 204 and 102?
102
Calculate the highest common factor of 27 and 75.
3
Calculate the greatest common factor of 128 and 2768.
16
Calculate the highest common divisor of 10 and 435.
5
Calculate the highest common divisor of 2 and 26.
2
What is the highest common divisor of 60 and 1?
1
What is the highest common divisor of 49 and 287?
7
Calculate the highest common factor of 160 and 10.
10
Calculate the highest common divisor of 4291 and 21.
7
Calculate the greatest common divisor of 342 and 4218.
114
What is the highest common divisor of 7175 and 50?
25
Calculate the greatest common factor of 1216 and 19.
19
What is the highest common factor of 459 and 51?
51
Calculate the highest common factor of 102 and 5202.
102
What is the highest common factor of 60 and 3012?
12
What is the greatest common divisor of 120 and 216?
24
Calculate the greatest common factor of 5324 and 44.
44
Calculate the highest common divisor of 31099 and 274.
137
What is the greatest common divisor of 1397 and 22?
11
Calculate the greatest common divisor of 273 and 84.
21
What is the greatest common divisor of 160 and 630?
10
Calculate the highest common factor of 575 and 8970.
115
What is the highest common divisor of 34 and 35853?
17
What is the greatest common factor of 1694 and 605?
121
What is the highest common divisor of 82 and 8?
2
What is the greatest common divisor of 22603 and 7?
7
Calculate the greatest common divisor of 130 and 5190.
10
Calculate the highest common factor of 7318 and 4.
2
What is the highest common factor of 85 and 85?
85
What is the highest common divisor of 416 and 130?
26
What is the greatest common divisor of 3971 and 22?
11
Calculate the highest common divisor of 363 and 33.
33
Calculate the greatest common factor of 23735 and 235.
235
What is the greatest common factor of 16 and 36?
4
What is the highest common divisor of 9384 and 414?
138
What is the greatest common divisor of 1860 and 18228?
372
Calculate the highest common divisor of 532 and 322.
14
What is the highest common divisor of 3649 and 82?
41
Calculate the highest common factor of 16 and 1104.
16
Calculate the highest common divisor of 235 and 188.
47
What is the highest common divisor of 20 and 1260?
20
What is the highest common factor of 1218 and 42?
42
What is the greatest common divisor of 377 and 65?
13
What is the greatest common factor of 752 and 16?
16
What is the highest common factor of 1345 and 55?
5
Calculate the greatest common divisor of 187 and 11.
11
What is the highest common factor of 14 and 854?
14
Calculate the highest common divisor of 144 and 45.
9
What is the greatest common divisor of 2651 and 22?
11
Calculate the highest common divisor of 170 and 40630.
170
Calculate the highest common divisor of 97 and 2425.
97
Calculate the highest common divisor of 648 and 36.
36
What is the highest common factor of 11574 and 18?
18
Calculate the highest common factor of 629 and 37.
37
What is the greatest common divisor of 77 and 13013?
77
Calculate the greatest common factor of 160 and 520.
40
Calculate the highest common divisor of 1488 and 24924.
372
What is the highest common factor of 650 and 25?
25
What is the greatest common divisor of 610 and 10?
10
Calculate the greatest common factor of 63 and 4923.
9
What is the greatest common factor of 159 and 3?
3
Calculate the highest common divisor of 48 and 1116.
12
What is the greatest common factor of 18 and 5580?
18
Calcul